when 14123 is divided by 2288.
395
What is the remainder when 13088 is divided by 609?
299
Calculate the remainder when 4635453 is divided by 2594.
2569
What is the remainder when 3314432 is divided by 1065?
152
What is the remainder when 210895 is divided by 735?
685
What is the remainder when 1300803 is divided by 778?
765
What is the remainder when 13843743 is divided by 6921870?
3
Calculate the remainder when 130910293 is divided by 30.
13
Calculate the remainder when 547299 is divided by 4378.
49
Calculate the remainder when 298958 is divided by 298706.
252
What is the remainder when 615976 is divided by 618?
448
Calculate the remainder when 7750990 is divided by 2583648.
46
What is the remainder when 1092759 is divided by 36388?
1119
Calculate the remainder when 2528005 is divided by 127.
70
What is the remainder when 16739 is divided by 2088?
35
Calculate the remainder when 13933 is divided by 1609.
1061
What is the remainder when 651814 is divided by 26065?
189
Calculate the remainder when 1617274 is divided by 115518.
22
What is the remainder when 489667 is divided by 966?
871
What is the remainder when 266270 is divided by 12050?
1170
What is the remainder when 32812660 is divided by 22413?
28
Calculate the remainder when 3122487 is divided by 9850.
37
Calculate the remainder when 1389536 is divided by 1331.
1303
What is the remainder when 1300149 is divided by 40598?
1013
What is the remainder when 286804 is divided by 1210?
34
Calculate the remainder when 310556 is divided by 44352.
92
Calculate the remainder when 1218411 is divided by 17658.
9
What is the remainder when 2282165 is divided by 8121?
164
Calculate the remainder when 422370 is divided by 30145.
340
Calculate the remainder when 6920637 is divided by 2987.
2745
What is the remainder when 10117953 is divided by 47?
28
What is the remainder when 70479 is divided by 11746?
3
What is the remainder when 305995 is divided by 542?
307
What is the remainder when 6566078 is divided by 106?
14
What is the remainder when 5892393 is divided by 62?
37
What is the remainder when 58231 is divided by 29021?
189
Calculate the remainder when 120728911 is divided by 65.
56
What is the remainder when 5830381 is divided by 55?
51
What is the remainder when 8297932 is divided by 531?
526
Calculate the remainder when 1631110 is divided by 858.
52
Calculate the remainder when 1360826 is divided by 453608.
2
Calculate the remainder when 615051 is divided by 615018.
33
What is the remainder when 3331821 is divided by 893?
38
What is the remainder when 92720294 is divided by 3592?
3590
What is the remainder when 3521336 is divided by 704267?
1
What is the remainder when 267531 is divided by 3260?
211
What is the remainder when 1156116 is divided by 3257?
3138
Calculate the remainder when 12511160 is divided by 241.
127
Calculate the remainder when 171325 is divided by 1664.
1597
What is the remainder when 138786604 is divided by 46262200?
4
What is the remainder when 75037 is divided by 14983?
122
What is the remainder when 693553 is divided by 38523?
139
What is the remainder when 945198 is divided by 4093?
3808
What is the remainder when 24573956 is divided by 37?
36
What is the remainder when 30755 is divided by 27194?
3561
What is the remainder when 171218 is divided by 748?
674
Calculate the remainder when 6799 is divided by 1983.
850
What is the remainder when 35822 is divided by 35744?
78
What is the remainder when 1460931 is divided by 13912?
171
What is the remainder when 79117478 is divided by 258?
230
Calculate the remainder when 449691 is divided by 1401.
1371
Calculate the remainder when 44789 is divided by 6328.
493
Calculate the remainder when 19281 is divided by 19029.
252
Calculate the remainder when 875718809 is divided by 18.
17
Calculate the remainder when 668722 is divided by 55721.
70
What is the remainder when 8165954 is divided by 1166561?
27
What is the remainder when 7182398 is divided by 1197059?
44
Calculate the remainder when 79470502 is divided by 1016.
1014
What is the remainder when 57622 is divided by 3376?
230
Calculate the remainder when 4589117 is divided by 37009.
1
Calculate the remainder when 618332907 is divided by 101.
100
What is the remainder when 405038 is divided by 94?
86
What is the remainder when 50842950 is divided by 328?
326
What is the remainder when 9258281 is divided by 57?
56
Calculate the remainder when 560744 is divided by 230.
4
Calculate the remainder when 1326545 is divided by 14245.
1760
Calculate the remainder when 3206205 is divided by 62.
61
Calculate the remainder when 908356 is divided by 5877.
3298
What is the remainder when 3702276 is divided by 4565?
61
What is the remainder when 365961 is divided by 28129?
284
What is the remainder when 168829 is divided by 82?
73
What is the remainder when 47576962 is divided by 1094?
1090
Calculate the remainder when 924684 is divided by 7457.
16
What is the remainder when 47900764 is divided by 5963?
5948
What is the remainder when 359838 is divided by 358636?
1202
Calculate the remainder when 230979 is divided by 39.
21
Calculate the remainder when 3030006 is divided by 49.
42
Calculate the remainder when 2719839 is divided by 302198.
57
What is the remainder when 2246394 is divided by 50?
44
Calculate the remainder when 55148 is divided by 1799.
1178
What is the remainder when 109601589 is divided by 65?
19
Calculate the remainder when 2023713 is divided by 37.
35
Calculate the remainder when 129584003 is divided by 66.
65
What is the remainder when 22607816 is divided by 107146?
10
What is the remainder when 115817 is divided by 15522?
7163
Calculate the remainder when 38327964 is divided by 1127293.
2
Calculate the remainder when 4267249 is divided by 1359.
1348
Calculate the remainder when 1322808 is divided by 26.
6
What is the remainder when 73448 is divided by 35275?
2898
What is the remainder when 586754 is divided by 195546?
116
Calculate the remainder when 97854 is divided by 23761.
2810
What is the remainder when 49001 is divided by 20506?
7989
Calculate the remainder when 238978688 is divided by 685.
683
What is the remainder when 16536936 is divided by 1763?
1759
Calculate the remainder when 39180 is divided by 19542.
96
What is the remainder when 2162659 is divided by 339?
178
What is the remainder when 10860362 is divided by 18757?
59
What is the remainder when 806452 is divided by 722?
700
Calculate the remainder when 102826 is divided by 4497.
3892
What is the remainder when 205761 is divided by 792?
633
What is the remainder when 257879 is divided by 883?
43
Calculate the remainder when 3760 is divided by 626.
4
Calculate the remainder when 1220879 is divided by 67824.
47
What is the remainder when 140767 is divided by 345?
7
What is the remainder when 406512 is divided by 12697?
208
What is the remainder when 136582 is divided by 135905?
677
What is the remainder when 2334538 is divided by 193?
10
Calculate the remainder when 16483204 is divided by 1498473.
1
What is the remainder when 1076125 is divided by 2441?
2085
Calculate the remainder when 2138465 is divided by 712779.
128
What is the remainder when 36590 is divided by 36522?
68
Calculate the remainder when 1622013 is divided by 270321.
87
Calculate the remainder when 39587948 is divided by 6256.
6236
Calculate the remainder when 4669228 is divided by 1167303.
16
Calculate the remainder when 395029499 is divided by 2031.
2030
Calculate the remainder when 1838393 is divided by 919158.
77
Calculate the remainder when 42720765 is divided by 8.
5
Calculate the remainder when 1199758 is divided by 97.
62
Calculate the remainder when 236483839 is divided by 80.
79
Calculate the remainder when 76019 is divided by 25217.
368
Calculate the remainder when 10424904 is divided by 10803.
9
What is the remainder when 811942 is divided by 36906?
10
Calculate the remainder when 530792 is divided by 132684.
56
What is the remainder when 46235253 is divided by 15411728?
69
Calculate the remainder when 441736099 is divided by 13390.
13389
What is the remainder when 987815 is divided by 19702?
2715
Calculate the remainder when 1784618 is divided by 1524.
14
Calculate the remainder when 1075171 is divided by 32546.
1153
Calculate 